be the third derivative of b**4/8 + 2*b**3/3 - 10*b**2. What is the remainder when (-1)/3 + 103/3 is divided by s(2)?
4
Let x = -37 + 41. Let k(f) = 5 + 59*f - 8 - 47*f. What is the remainder when 223 is divided by k(x)?
43
Suppose -5*s + 225 = -4*t, -2*s + 37 = -4*t - 41. Suppose -s*r + 50*r = -51. Let y = 87 + r. What is the remainder when y is divided by 20?
16
Suppose 0 = 4*f + 3*b - b - 146, 113 = 3*f - 2*b. What is the remainder when f is divided by 8 + (6/21)/((-3)/42)?
1
Let n(b) = 119*b + 528. What is the remainder when 257 is divided by n(-4)?
49
Let h be -2 + 2 - ((1 - 6) + -40). What is the remainder when (-1)/((-9)/3)*(h + -3) is divided by 0 - (1 + -7 + 1)?
4
Let p(a) = 10*a - 2. Let b be p(9). Suppose -2*v + v - j = b, 2*j = -v - 88. Let z = v - -155. Calculate the remainder when z is divided by 10.
7
Let d(j) = -2*j**2 - 6*j - 32. Let f be d(-5). Let m = f + 67. Calculate the remainder when 64 is divided by 25/m*15 + -3.
20
Suppose 4*q - 19 + 7 = 0. What is the remainder when 73 is divided by ((-6)/(-2) - -8) + 12/q?
13
Let f(b) = 30*b + 178. What is the remainder when 312 is divided by f(-3)?
48
Let v(c) = -3*c + 1. Suppose -14*h + 1809 = -53. Calculate the remainder when h is divided by v(-9).
21
Let c(k) = k**3 - 5*k**2 + 9*k + 2. Suppose 2*s - 190 = -2*x, -5*s = 19 - 4. What is the remainder when x is divided by c(3)?
10
Suppose 844*i = 841*i + 2301. Calculate the remainder when i is divided by 70.
67
Suppose -54*j - 287 = -47*j. What is the remainder when -11 - -8 - j*3 is divided by 25?
20
Suppose -2*d - 5 = -1. Let b = -3371 - -3373. What is the remainder when 10 is divided by d/4*(-8)/b?
0
Suppose z + 3*n = 65, -n - 188 = -3*z + 47. Let j = 70 - 22. Calculate the remainder when z is divided by j.
29
Suppose -4*t - 3*b = -412, 5*b - 309 = -0*t - 3*t. Suppose 2*l = -4*h + 46, 502*l - 503*l + 35 = 4*h. Calculate the remainder when t is divided by l.
4
What is the remainder when ((-12630)/14)/(-15) - 3/(-42)*-2 is divided by 20?
0
Suppose -3*w = -4*c + 35, -w + 5 - 24 = -5*c. What is the remainder when 61 is divided by w/72 + (-169)/(-8)?
19
Suppose 2*g = -z - 2*z - 50, 5*g - 25 = 0. Calculate the remainder when 9 - ((-4 - -4) + -2) is divided by 10/15 + z/(-6).
3
Let r = 403 + -364. Let m = 26 + -11. What is the remainder when r is divided by m?
9
Let j(p) = -2*p**3 - 22*p**2 + 2*p + 28. Let z be j(-11). Let c(k) = 4*k - 5. What is the remainder when c(z) is divided by 10?
9
Calculate the remainder when (8/(-3))/((-1)/36) is divided by 24/(-180) + (-3392)/(-240).
12
Let f = -36439 - -36890. Calculate the remainder when 2270 is divided by f.
15
Suppose 3*j - 5*z = 344, -102 = 20*j - 21*j + 8*z. Calculate the remainder when 397 is divided by j.
43
Let y(z) = 27*z**2 - 9*z + 15. Let k be y(2). Calculate the remainder when (14/k + (-718)/(-15))*4 is divided by 15.
12
Let r be 2/3*(-36)/(-8). Let n be 6 + 4/(-3 - -1). Suppose j + r*j = n. What is the remainder when j is divided by 1?
0
Suppose 5*z - p = 20 - 13, 2*p - 22 = -2*z. Calculate the remainder when 152 is divided by z.
2
Suppose -x - 6*n + 4*n = -8, -2*x - n + 22 = 0. Calculate the remainder when 93 is divided by (3 + x/(-8))/(6/80).
13
Let y(n) = -n**3 + 16*n**2 + 194*n + 15. Calculate the remainder when 68 is divided by y(24).
5
Let m(k) = -29*k - 367. Let n be m(-14). Let z = 83 + n. What is the remainder when z is divided by 4?
2
Suppose 18*f = -5*f + 1242. What is the remainder when 3/(f/(-4)) - 6368/(-144) is divided by 25?
19
Suppose 19*i - 48 = 47. Calculate the remainder when 286/12 - i/(-30) is divided by 4.
0
Let p = -148 - -153. What is the remainder when 57 is divided by 3 + (p + -7 - -23)?
9
Let q(r) = 2*r**2 - 92*r - 1967. What is the remainder when 1038 is divided by q(-18)?
27
Let r(p) = -7*p + 3. Let x be r(-1). Suppose 0 = -2*y + x + 28. Calculate the remainder when 3*(3 + 22 - 2) is divided by y.
12
Suppose 0 = -56*g + 124 + 268. Calculate the remainder when 74 is divided by g.
4
Let j(u) = 10*u**3 - 148*u**2 + 296*u - 2. Calculate the remainder when 2326 is divided by j(2).
64
Let f(x) = 10*x**2 + 4*x + 87. What is the remainder when f(8) is divided by 95?
94
Let s(q) = 5*q**2 - 61*q - 184. Let p(y) = -y**2 - 4. Let x be p(-3). Let b = x + 27. What is the remainder when s(15) is divided by b?
12
Suppose 2*n - 172 = -4*v, 653*n = -2*v + 657*n + 26. Suppose o - 2*o + 21 = 0. Suppose 3*c - o = 9. What is the remainder when v is divided by c?
7
Let m be (-10)/(-45) - 194/(-18). Suppose -m*i + 15*i = 176. What is the remainder when 350 is divided by i?
42
Let p = -232 - -198. Let k(c) = -c**2 - 33*c + 107. What is the remainder when k(p) is divided by 19?
16
Let p(b) = b**2 - 4*b - 3. Suppose -397 = 3*f + 24*f - 721. What is the remainder when f is divided by p(6)?
3
Suppose 0 = -2*v - 4*h + 612, -2*v + 5*h + 346 = -221. What is the remainder when v is divided by 91?
23
Calculate the remainder when 1377 is divided by ((2 + 7)*39)/(6/4).
207
Suppose -61*f + 72*f - 957 = 0. What is the remainder when f is divided by (2/4)/(4/(-240)*-1)?
27
Let p be 8*3/(-6) - -289. Suppose -478*o + 475*o + p = 0. What is the remainder when o is divided by 8?
7
Let a = 431 - 386. What is the remainder when (39*5)/((-45)/(-30)) is divided by a?
40
Let m = -2877 - -11561. Calculate the remainder when m is divided by 82.
74
Suppose 2*h + 3*d - 395 = 0, 4*h + 4*d - 386 = 414. Suppose 925 - h = 6*g. Calculate the remainder when g is divided by 57.
6
Let l be 2/6 - 5094/(-27). Calculate the remainder when (-9)/21 + 26352/l is divided by 71.
68
Suppose -4*i = 3*j - 20, 4*i + 8 = 6*i + 2*j. Suppose -5*q = i*x - 5*x - 451, 5*x + 79 = q. What is the remainder when q is divided by 16?
9
Suppose -198535 + 84357 = -33*c + 166091. Calculate the remainder when c is divided by 144.
141
Calculate the remainder when 15436 is divided by 4 - (-63)/(-42)*-18.
29
Let g = 1129 - 711. What is the remainder when g is divided by 14?
12
Let y(p) = -3*p**2 - 21*p - 10. Let h(s) = 14*s**2 + 83*s + 40. Let n(l) = 2*h(l) + 9*y(l). What is the remainder when 950 is divided by n(-3)?
66
Let x(w) = w + 27. Suppose 2*i - 3*n + 2 + 24 = 0, 2*i - 4*n = -26. Calculate the remainder when 8*26/4 - -3 is divided by x(i).
13
Suppose 4*v + 206 = 190, m - 10179 = -5*v. What is the remainder when m is divided by 40?
39
Calculate the remainder when ((36/8)/1)/(240/20960) is divided by 262.
131
Suppose 32*c + 13886 = -4418. Let v = -554 - c. What is the remainder when 72 is divided by v?
0
Let f(j) = j**2 - 6*j + 2. Suppose 0 = -5*z, -4*h + 2*z - z + 88 = 0. Let o = h - -12. What is the remainder when o is divided by f(7)?
7
Let m = 1722 + -1502. Calculate the remainder when m is divided by 29.
17
Suppose 0 = -6*g + 182 + 1054. Calculate the remainder when 399 is divided by g.
193
Suppose -2*o + 548 = 2020*b - 2016*b, 2*b = 4*o - 1046. What is the remainder when o is divided by 112?
40
Suppose -49*p = -579 - 16963. What is the remainder when 362 is divided by p?
4
Calculate the remainder when 347 is divided by ((-216)/(-44))/(170/935).
23
Suppose -3*v - 5*g + 203 = 0, -200 = -4*v + 5*g + 59. Calculate the remainder when 702 is divided by v.
42
Suppose -3*j = -2*w + 28, -2*w + 0*w + 34 = -4*j. Let o be ((-9)/j)/((-6)/(-560)). Let l = o + 85. What is the remainder when l is divided by 57?
54
Calculate the remainder when 406 is divided by (2/(-12))/(6/(-36)) - 110/(-1).
73
Let a be (6 - (-702)/(-65)) + 1/(-5). Calculate the remainder when 326 is divided by (-9650)/(-200) - (-1)/(4/a).
44
Let j(g) = 28*g - 2533. What is the remainder when 2662 is divided by j(92)?
39
Let t(x) = -x**3 - 5*x**2 - 7*x - 7. Suppose -4*r + 308 = 5*i, -70 = -r - 6*i + 3*i. Calculate the remainder when r is divided by t(-5).
26
Suppose 5*n + 7345 = 5*c, 3*c = -n + 4095 + 320. What is the remainder when c is divided by 36?
31
What is the remainder when ((-3)/(-1) - (1 - 1))/(1261/109707) is divided by 259?
2
Suppose 1596 = -692*d + 1506*d - 700*d. Let j(f) = 79*f**2 - 3*f - 2. What is the remainder when j(-2) is divided by d?
12
Let u(j) = -13*j - 83. Let i be u(-8). Suppose i*f - 23*f + 148 = 0. What is the remainder when f is divided by 24?
2
Suppose 205 = 5*h + 70. Calculate the remainder when 126*((-1638)/(-216) + (-72)/32) is divided by 